{"id":2,"date":"2025-12-18T09:23:50","date_gmt":"2025-12-18T09:23:50","guid":{"rendered":"https:\/\/www.centralhotel.fr\/?page_id=2"},"modified":"2026-01-08T13:41:12","modified_gmt":"2026-01-08T13:41:12","slug":"sample-page","status":"publish","type":"page","link":"https:\/\/www.centralhotel.fr\/","title":{"rendered":"Weekend en amoureux : les 5 villes fran\u00e7aises pas (encore) connues"},"content":{"rendered":"<div class=\"travel-wrapper\">\n<div class=\"travel-hero\" style=\"background-image: url('https:\/\/www.centralhotel.fr\/wp-content\/uploads\/2025\/12\/weekend-amoureux-italie-scaled.jpg');\">\n<div class=\"hero-content\">\n            <span class=\"hero-subtitle\">Nos 5 p\u00e9pites fran\u00e7aises<\/span><\/p>\n<h1>Weekend en amoureux : les 5 villes fran\u00e7aises pas (encore) connues<\/h1>\n<p>Pour ne plus avoir \u00e0 choisir entre mer et montagne !<\/p>\n<\/p><\/div>\n<\/p><\/div>\n<section class=\"travel-section content-split\">\n<div class=\"travel-container flex-row\">\n<div class=\"text-col\">\n<h2>L&rsquo;\u00e9ternel dilemme<\/h2>\n<p>Organiser un weekend \u00e0 deux, c\u2019est parfois un vrai casse-t\u00eate. Moi, je r\u00eave de grand air, de chaussures de rando et de sommets qui piquent.<\/p>\n<p>Ma femme, elle, ne jure que par l\u2019iode, le bruit des vagues et le sable entre les orteils.<\/p>\n<p><strong>Bref, on est l\u2019oppos\u00e9 total.<\/strong> Mais on a fini par d\u00e9nicher des endroits qui mettent tout le monde d&rsquo;accord !<\/p>\n<\/p><\/div>\n<div class=\"image-col\">\n                <img decoding=\"async\" src=\"https:\/\/www.centralhotel.fr\/wp-content\/uploads\/2025\/12\/calanques-marseille.jpg\n\">\n            <\/div>\n<\/p><\/div>\n<\/section>\n<section class=\"travel-section\">\n<div class=\"travel-container\">\n<h2>1. Nice : Le kiff absolu entre mer et sommets<\/h2>\n<p>Nice, c\u2019est un peu la ville \u00ab\u00a0triche\u00a0\u00bb. C\u2019est l\u2019une des rares destinations o\u00f9 tu peux voir des cimes enneig\u00e9es tout en sirotant un cocktail face \u00e0 la mer. L\u2019architecture color\u00e9e et l\u2019accent du Sud font le reste du boulot pour te d\u00e9payser direct.<\/p>\n<div class=\"anecdote-block\">\n<h3> Le petit souvenir perso<\/h3>\n<p>Un samedi matin, on pris le \u00ab\u00a0Train des Pignes\u00a0\u00bb pour une balade express dans l&rsquo;arri\u00e8re-pays suivi d&rsquo;un pique nique que j&rsquo;avais organis\u00e9. Puis, sieste au soleil sur les galets de la Prom\u2019. Enfin \u00e0 16h deux \u00e9normes glaces chez Fenocchio dans le Vieux-Nice avec un petit tour historique qu&rsquo;elle avait organis\u00e9. Chacun a pu profiter et l&rsquo;occasion de faire plaisir \u00e0 l&rsquo;autre !<\/p>\n<\/p><\/div>\n<div class=\"tips-grid\">\n<div class=\"tip-card\">\n<h4> Le conseil \u00ab\u00a0Vue de dingue\u00a0\u00bb<\/h4>\n<p>Grimpez \u00e0 la Colline du Ch\u00e2teau juste avant le coucher du soleil. C\u2019est gratuit et vous avez toute la Baie des Anges \u00e0 vos pieds.<\/p>\n<\/p><\/div>\n<div class=\"tip-card\">\n<h4> Le bon plan logistique<\/h4>\n<p>Laissez tomber la location de voiture. Le tramway est ultra-moderne et vous emm\u00e8ne de l\u2019a\u00e9roport au centre pour presque rien.<\/p>\n<\/p><\/div>\n<\/p><\/div>\n<\/p><\/div>\n<\/section>\n<section class=\"travel-section\">\n<div class=\"travel-container flex-row reverse\">\n<div class=\"image-col\">\n                <img decoding=\"async\" src=\"https:\/\/www.centralhotel.fr\/wp-content\/uploads\/2025\/12\/amiens-1.png\">\n            <\/div>\n<div class=\"text-col\">\n<h2>2. Amiens : La magie de No\u00ebl (sans la foule)<\/h2>\n<p>On oublie souvent le Nord pour un <a href=\"https:\/\/www.wonderbox.fr\/week-end-en-amoureux\/c\/1451407\" target=\"_blank\" rel=\"noopener\">weekend romantique<\/a>, et c&rsquo;est une grosse erreur. Amiens, c&rsquo;est notre spot secret pour vivre la magie de l&rsquo;hiver sans se faire marcher sur les pieds.<\/p>\n<p class=\"highlight-text\"><strong>L&rsquo;activit\u00e9 insolite :<\/strong> Montez dans une barque \u00e9lectrique aux Hortillonnages. Ce sont des jardins flottants en plein milieu de la ville. C&rsquo;est ultra silencieux, po\u00e9tique et on se sent seuls au monde.<\/p>\n<div class=\"small-tip\">\n                    <strong>\u00c0 go\u00fbter absolument :<\/strong> Le vrai macaron d\u2019Amiens chez Jean-Trogneux. Un biscuit fondant au miel et \u00e0 l&rsquo;amande.\n                <\/div>\n<\/p><\/div>\n<\/p><\/div>\n<\/section>\n<section class=\"travel-section\">\n<div class=\"travel-container\">\n<h2>3. \u00c9tretat : Des falaises, du vent et des c\u00e2lins<\/h2>\n<p>Si vous aimez les paysages qui envoient du lourd, \u00c9tretat est un incontournable. C\u2019est sauvage, c\u2019est brut, et l&rsquo;air marin vous donne une \u00e9nergie incroyable.<\/p>\n<p>            <img decoding=\"async\" src=\"https:\/\/www.centralhotel.fr\/wp-content\/uploads\/2025\/12\/etretat-scaled.png\n\" class=\"full-width-img\"><\/p>\n<div class=\"anecdote-block\">\n<h3> L&rsquo;anecdote perso<\/h3>\n<p>Minuscule portion sur le sentier des douaniers (le GR21) avec des vues spectaculaires sur l\u2019Aiguille Creuse. Pique nique sur la plage et paddle sur le plage pour voir la falaise sous tous les angles. En bref, allez y en \u00e9t\u00e9 !<\/p>\n<\/p><\/div>\n<p><strong>Le conseil \u00ab\u00a0Fan de myst\u00e8re\u00a0\u00bb :<\/strong> Si vous aimez les histoires de cambrioleurs, allez visiter le \u00ab\u00a0Clos Lupin\u00a0\u00bb, l&rsquo;ancienne maison de Maurice Leblanc.<\/p>\n<\/p><\/div>\n<\/section>\n<section class=\"travel-section\">\n<div class=\"travel-container\">\n<h2>4. Collioure : Le petit bijou color\u00e9 du Sud<\/h2>\n<p>Ici, les Pyr\u00e9n\u00e9es se jettent carr\u00e9ment dans la M\u00e9diterran\u00e9e. C\u2019est une ville toute color\u00e9e qui semble sortir d\u2019une bo\u00eete de peinture. L&rsquo;ambiance est d\u00e9contract\u00e9e, \u00e7a sent bon les anchois et le vin doux.<\/p>\n<div class=\"tips-block\">\n<h3>La bonne adresse<\/h3>\n<p>Posez-vous au \u00ab\u00a0Caf\u00e9 des Sports\u00a0\u00bb. C\u2019est l\u00e0 que les peintres comme Matisse venaient boire leur coup apr\u00e8s une journ\u00e9e de travail. Prenez un verre de Banyuls en terrasse et regardez les barques catalanes danser sur l&rsquo;eau.<\/p>\n<\/p><\/div>\n<\/p><\/div>\n<\/section>\n<section class=\"travel-section\">\n<div class=\"travel-container flex-row\">\n<div class=\"text-col\">\n<h2>5. Annecy : La Venise des Alpes <\/h2>\n<p>Le lac bleu turquoise d&rsquo;un c\u00f4t\u00e9, les montagnes enneig\u00e9es de l&rsquo;autre&#8230; Annecy, c&rsquo;est le combo gagnant \u00e0 tous les coups. La vieille ville avec ses canaux est ultra romantique.<\/p>\n<div class=\"small-tip\">\n                    <strong>Le conseil secret :<\/strong> En \u00e9t\u00e9, louez un petit bateau \u00e9lectrique sans permis et \u00e9loignez-vous au milieu du lac avec un panier ap\u00e9ro. Le spot le plus VIP du monde !\n                <\/div>\n<\/p><\/div>\n<div class=\"image-col\">\n                <img decoding=\"async\" src=\"https:\/\/www.centralhotel.fr\/wp-content\/uploads\/2025\/12\/annecy-scaled.png\n\">\n            <\/div>\n<\/p><\/div>\n<\/section>\n<section class=\"travel-section highlight-bg\">\n<div class=\"travel-container centered-text\">\n<h2> Notre botte secr\u00e8te : \u00ab\u00a0L&rsquo;Activit\u00e9 Myst\u00e8re\u00a0\u00bb<\/h2>\n<p class=\"intro-box\">C&rsquo;est LE truc qui a sauv\u00e9 nos weekends. Pour \u00e9viter de passer 2 heures \u00e0 d\u00e9battre sur \u00ab\u00a0on fait quoi ?\u00a0\u00bb, on a instaur\u00e9 une r\u00e8gle d&rsquo;or.<\/p>\n<div class=\"mystery-rules\">\n<div class=\"rule-item\">\n                    <span class=\"rule-number\">1<\/span><\/p>\n<h3>Chacun son tour<\/h3>\n<p>Le samedi, c\u2019est l\u2019un qui organise. Le dimanche, c\u2019est l\u2019autre.<\/p>\n<\/p><\/div>\n<div class=\"rule-item\">\n                    <span class=\"rule-number\">2<\/span><\/p>\n<h3>Surprise totale<\/h3>\n<p>Celui qui ne g\u00e8re pas ne sait rien jusqu\u2019au dernier moment.<\/p>\n<\/p><\/div>\n<div class=\"rule-item\">\n                    <span class=\"rule-number\">3<\/span><\/p>\n<h3>La mission<\/h3>\n<p>Organiser une activit\u00e9 qui va plaire \u00e0 l&rsquo;autre, m\u00eame si c&rsquo;est ta passion \u00e0 toi.<\/p>\n<\/p><\/div>\n<\/p><\/div>\n<p><em>C&rsquo;est valorisant de chercher le petit truc qui fera plaisir \u00e0 l&rsquo;autre&#8230; et surtout, c\u2019est tellement reposant de se laisser porter par celle\/celui qu\u2019on aime sans avoir \u00e0 checker Google Maps !<\/em><\/p>\n<\/p><\/div>\n<\/section>\n<section class=\"travel-section\">\n<div class=\"travel-container\">\n<h2>Quel sera votre prochain terrain de jeu ? <\/h2>\n<div class=\"table-responsive\">\n<table class=\"travel-table\">\n<thead>\n<tr>\n<th>Destination<\/th>\n<th>Votre ambiance<\/th>\n<th>Le petit plus<\/th>\n<\/tr>\n<\/thead>\n<tbody>\n<tr>\n<td><strong>Nice<\/strong><\/td>\n<td>Solaire &#038; Chic<\/td>\n<td>Le mix mer\/montagne en 1h<\/td>\n<\/tr>\n<tr>\n<td><strong>Amiens<\/strong><\/td>\n<td>Doux &#038; Cocooning<\/td>\n<td>Les macarons et la cath\u00e9drale<\/td>\n<\/tr>\n<tr>\n<td><strong>\u00c9tretat<\/strong><\/td>\n<td>Sauvage &#038; Puissant<\/td>\n<td>Les falaises \u00e0 couper le souffle<\/td>\n<\/tr>\n<tr>\n<td><strong>Collioure<\/strong><\/td>\n<td>Artistique &#038; Caliente<\/td>\n<td>Le charme des barques catalanes<\/td>\n<\/tr>\n<tr>\n<td><strong>Annecy<\/strong><\/td>\n<td>Alpin &#038; Romantique<\/td>\n<td>Le pique-nique priv\u00e9 sur le lac<\/td>\n<\/tr>\n<\/tbody>\n<\/table><\/div>\n<\/p><\/div>\n<\/section>\n<\/div>\n","protected":false},"excerpt":{"rendered":"<p>Nos 5 p\u00e9pites fran\u00e7aises Weekend en amoureux : les 5 villes fran\u00e7aises pas (encore) connues Pour ne plus avoir \u00e0 choisir entre mer et montagne ! L&rsquo;\u00e9ternel dilemme Organiser un weekend \u00e0 deux, c\u2019est parfois un vrai casse-t\u00eate. Moi, je r\u00eave de grand air, de chaussures de rando et de sommets qui piquent. Ma femme, &#8230; <a title=\"Weekend en amoureux : les 5 villes fran\u00e7aises pas (encore) connues\" class=\"read-more\" href=\"https:\/\/www.centralhotel.fr\/\" aria-label=\"Read more about Weekend en amoureux : les 5 villes fran\u00e7aises pas (encore) connues\">Read more<\/a><\/p>\n","protected":false},"author":1,"featured_media":0,"parent":0,"menu_order":0,"comment_status":"closed","ping_status":"closed","template":"","meta":{"footnotes":""},"class_list":["post-2","page","type-page","status-publish"],"_links":{"self":[{"href":"https:\/\/www.centralhotel.fr\/index.php?rest_route=\/wp\/v2\/pages\/2","targetHints":{"allow":["GET"]}}],"collection":[{"href":"https:\/\/www.centralhotel.fr\/index.php?rest_route=\/wp\/v2\/pages"}],"about":[{"href":"https:\/\/www.centralhotel.fr\/index.php?rest_route=\/wp\/v2\/types\/page"}],"author":[{"embeddable":true,"href":"https:\/\/www.centralhotel.fr\/index.php?rest_route=\/wp\/v2\/users\/1"}],"replies":[{"embeddable":true,"href":"https:\/\/www.centralhotel.fr\/index.php?rest_route=%2Fwp%2Fv2%2Fcomments&post=2"}],"version-history":[{"count":5,"href":"https:\/\/www.centralhotel.fr\/index.php?rest_route=\/wp\/v2\/pages\/2\/revisions"}],"predecessor-version":[{"id":49,"href":"https:\/\/www.centralhotel.fr\/index.php?rest_route=\/wp\/v2\/pages\/2\/revisions\/49"}],"wp:attachment":[{"href":"https:\/\/www.centralhotel.fr\/index.php?rest_route=%2Fwp%2Fv2%2Fmedia&parent=2"}],"curies":[{"name":"wp","href":"https:\/\/api.w.org\/{rel}","templated":true}]}}